{"id":72,"date":"2022-03-01T21:00:32","date_gmt":"2022-03-01T21:00:32","guid":{"rendered":"https:\/\/hippotechnology.net\/?page_id=72"},"modified":"2022-03-01T21:00:51","modified_gmt":"2022-03-01T21:00:51","slug":"impressum","status":"publish","type":"page","link":"https:\/\/hippotechnology.net\/index.php\/impressum\/","title":{"rendered":"Impressum"},"content":{"rendered":"<p><strong>hippo technology GmbH<\/strong><br \/>\nIm Alber 14<br \/>\n73084 Salach<\/p>\n<p>Telefon +49 7162 94898-0<br \/>\nTelefax +49 7162 94898-94<\/p>\n<p>E-Mail info@hippotechnology.net<\/p>\n<p class=\"block-25\"><strong>Gesch\u00e4ftsf\u00fchrer:<\/strong><br \/>\nJens Feth<br \/>\nMichael H\u00e4user<\/p>\n<p><strong>Registergericht:<\/strong><br \/>\nAmtsgericht Ulm HRB 726 732<\/p>\n<p><strong>Umsatzsteuer-Ident-Nummer:<br \/>\n<\/strong>DE 278402951<\/p>\n<h3 class=\"block-26\">HAFTUNG UND URHEBERRECHT<\/h3>\n<p class=\"block-26\"><strong>Haftungsausschluss<br \/>\n<\/strong>1. Inhalt des Onlineangebotes<br \/>\nDie hippo technology GmbH &#8211; nachfolgend &#8222;hippo technology&#8220; genannt, \u00fcbernimmt keinerlei Gew\u00e4hr f\u00fcr die Aktualit\u00e4t, Korrektheit, Vollst\u00e4ndigkeit oder Qualit\u00e4t der bereitgestellten Informationen. Haftungsanspr\u00fcche gegen\u00fcber hippo technology, die sich auf Sch\u00e4den materieller oder ideeller Art beziehen, welche durch die Nutzung oder Nichtnutzung der dargebotenen Informationen bzw. durch die Nutzung fehlerhafter und unvollst\u00e4ndiger Informationen verursacht wurden sind grunds\u00e4tzlich ausgeschlossen, sofern seitens Schmid &amp; Partner kein nachweislich vors\u00e4tzliches oder grob fahrl\u00e4ssiges Verschulden vorliegt. Alle Angebote sind freibleibend und unverbindlich. hippo technology beh\u00e4lt es sich ausdr\u00fccklich vor, Teile der Seiten oder das gesamte Angebot ohne gesonderte Ank\u00fcndigung zu ver\u00e4ndern, zu erg\u00e4nzen, zu l\u00f6schen oder die Ver\u00f6ffentlichung zeitweise oder endg\u00fcltig einzustellen.<\/p>\n<p>2. Verweise und Links<br \/>\nhippo technology stellt auf dieser Website auch Links zu Fremdangeboten zur Verf\u00fcgung. F\u00fcr Inhalte und insbesondere f\u00fcr Sch\u00e4den, die aus der Nutzung oder Nichtnutzung solcherart dargebotener Informationen entstehen, haftet allein der Anbieter dieser Seiten. hippo technology \u00fcberpr\u00fcft Seiten lediglich zum Zeitpunkt der Linksetzung. Alle sp\u00e4teren Ver\u00e4nderungen unterliegen der Verantwortung des Anbieters.<\/p>\n<p><strong>Urheberrecht<\/strong><br \/>\nCopyright (c) hippo technology GmbH. Alle Rechte vorbehalten. S\u00e4mtliche Bilder, Grafiken, Texte, Ton-, Video- und Animationsdateien dieser Website unterliegen dem Urheberrecht bzw. anderen Gesetzen zum Schutz geistigen Eigentums. Eine Vervielf\u00e4ltigung, Ver\u00e4nderung oder Verwendung in anderen elektronischen oder gedruckten Publikationen ist ohne ausdr\u00fcckliche Zustimmung der hippo technology GmbH nicht gestattet.<\/p>\n<p><strong>Datenschutz<\/strong><br \/>\nSofern innerhalb des Internetangebotes die M\u00f6glichkeit zur Eingabe pers\u00f6nlicher oder gesch\u00e4ftlicher Daten (Emailadressen, Namen, Anschriften) besteht, so erfolgt die Preisgabe dieser Daten seitens des Nutzers auf ausdr\u00fccklich freiwilliger Basis. Die Inanspruchnahme und Bezahlung aller angebotenen Dienste ist &#8211; soweit technisch m\u00f6glich und zumutbar &#8211; auch ohne Angabe solcher Daten bzw. unter Angabe anonymisierter Daten oder eines Pseudonyms gestattet.<\/p>\n<p><strong>Rechtswirksamkeit dieses Haftungsausschlusses<\/strong><br \/>\nDieser Haftungsausschluss ist als Teil des Internetangebotes zu betrachten, von dem aus auf diese Seite verwiesen wurde. Sofern Teile oder einzelne Formulierungen dieses Textes der geltenden Rechtslage nicht, nicht mehr oder nicht vollst\u00e4ndig entsprechen sollten, bleiben die \u00fcbrigen Teile des Dokumentes in ihrem Inhalt und ihrer G\u00fcltigkeit davon unber\u00fchrt.<\/p>\n","protected":false},"excerpt":{"rendered":"<p>hippo technology GmbH Im Alber 14 73084 Salach Telefon +49 7162 94898-0 Telefax +49 7162 94898-94 E-Mail info@hippotechnology.net Gesch\u00e4ftsf\u00fchrer: Jens Feth Michael H\u00e4user Registergericht: Amtsgericht Ulm HRB 726 732 Umsatzsteuer-Ident-Nummer: &#8230;<\/p>\n","protected":false},"author":1,"featured_media":0,"parent":0,"menu_order":0,"comment_status":"closed","ping_status":"closed","template":"","meta":{"footnotes":""},"class_list":["post-72","page","type-page","status-publish","hentry"],"yoast_head":"<!-- This site is optimized with the Yoast SEO plugin v26.0 - https:\/\/yoast.com\/wordpress\/plugins\/seo\/ -->\n<title>Impressum - hippo technology GmbH<\/title>\n<meta name=\"robots\" content=\"index, follow, max-snippet:-1, max-image-preview:large, max-video-preview:-1\" \/>\n<link rel=\"canonical\" href=\"https:\/\/hippotechnology.net\/index.php\/impressum\/\" \/>\n<meta property=\"og:locale\" content=\"de_DE\" \/>\n<meta property=\"og:type\" content=\"article\" \/>\n<meta property=\"og:title\" content=\"Impressum - hippo technology GmbH\" \/>\n<meta property=\"og:description\" content=\"hippo technology GmbH Im Alber 14 73084 Salach Telefon +49 7162 94898-0 Telefax +49 7162 94898-94 E-Mail info@hippotechnology.net Gesch\u00e4ftsf\u00fchrer: Jens Feth Michael H\u00e4user Registergericht: Amtsgericht Ulm HRB 726 732 Umsatzsteuer-Ident-Nummer: ...\" \/>\n<meta property=\"og:url\" content=\"https:\/\/hippotechnology.net\/index.php\/impressum\/\" \/>\n<meta property=\"og:site_name\" content=\"hippo technology GmbH\" \/>\n<meta property=\"article:modified_time\" content=\"2022-03-01T21:00:51+00:00\" \/>\n<meta name=\"twitter:card\" content=\"summary_large_image\" \/>\n<meta name=\"twitter:label1\" content=\"Gesch\u00e4tzte Lesezeit\" \/>\n\t<meta name=\"twitter:data1\" content=\"3\u00a0Minuten\" \/>\n<script type=\"application\/ld+json\" class=\"yoast-schema-graph\">{\"@context\":\"https:\/\/schema.org\",\"@graph\":[{\"@type\":\"WebPage\",\"@id\":\"https:\/\/hippotechnology.net\/index.php\/impressum\/\",\"url\":\"https:\/\/hippotechnology.net\/index.php\/impressum\/\",\"name\":\"Impressum - hippo technology GmbH\",\"isPartOf\":{\"@id\":\"https:\/\/hippotechnology.net\/#website\"},\"datePublished\":\"2022-03-01T21:00:32+00:00\",\"dateModified\":\"2022-03-01T21:00:51+00:00\",\"breadcrumb\":{\"@id\":\"https:\/\/hippotechnology.net\/index.php\/impressum\/#breadcrumb\"},\"inLanguage\":\"de\",\"potentialAction\":[{\"@type\":\"ReadAction\",\"target\":[\"https:\/\/hippotechnology.net\/index.php\/impressum\/\"]}]},{\"@type\":\"BreadcrumbList\",\"@id\":\"https:\/\/hippotechnology.net\/index.php\/impressum\/#breadcrumb\",\"itemListElement\":[{\"@type\":\"ListItem\",\"position\":1,\"name\":\"Home\",\"item\":\"https:\/\/hippotechnology.net\/\"},{\"@type\":\"ListItem\",\"position\":2,\"name\":\"Impressum\"}]},{\"@type\":\"WebSite\",\"@id\":\"https:\/\/hippotechnology.net\/#website\",\"url\":\"https:\/\/hippotechnology.net\/\",\"name\":\"hippo technology GmbH\",\"description\":\"\",\"publisher\":{\"@id\":\"https:\/\/hippotechnology.net\/#organization\"},\"potentialAction\":[{\"@type\":\"SearchAction\",\"target\":{\"@type\":\"EntryPoint\",\"urlTemplate\":\"https:\/\/hippotechnology.net\/?s={search_term_string}\"},\"query-input\":{\"@type\":\"PropertyValueSpecification\",\"valueRequired\":true,\"valueName\":\"search_term_string\"}}],\"inLanguage\":\"de\"},{\"@type\":\"Organization\",\"@id\":\"https:\/\/hippotechnology.net\/#organization\",\"name\":\"hippo technology GmbH\",\"url\":\"https:\/\/hippotechnology.net\/\",\"logo\":{\"@type\":\"ImageObject\",\"inLanguage\":\"de\",\"@id\":\"https:\/\/hippotechnology.net\/#\/schema\/logo\/image\/\",\"url\":\"https:\/\/hippotechnology.net\/wp-content\/uploads\/2020\/11\/cropped-hippodata_technology_02_RGB_BG_WHITE-1.png\",\"contentUrl\":\"https:\/\/hippotechnology.net\/wp-content\/uploads\/2020\/11\/cropped-hippodata_technology_02_RGB_BG_WHITE-1.png\",\"width\":613,\"height\":230,\"caption\":\"hippo technology GmbH\"},\"image\":{\"@id\":\"https:\/\/hippotechnology.net\/#\/schema\/logo\/image\/\"}}]}<\/script>\n<!-- \/ Yoast SEO plugin. -->","yoast_head_json":{"title":"Impressum - hippo technology GmbH","robots":{"index":"index","follow":"follow","max-snippet":"max-snippet:-1","max-image-preview":"max-image-preview:large","max-video-preview":"max-video-preview:-1"},"canonical":"https:\/\/hippotechnology.net\/index.php\/impressum\/","og_locale":"de_DE","og_type":"article","og_title":"Impressum - hippo technology GmbH","og_description":"hippo technology GmbH Im Alber 14 73084 Salach Telefon +49 7162 94898-0 Telefax +49 7162 94898-94 E-Mail info@hippotechnology.net Gesch\u00e4ftsf\u00fchrer: Jens Feth Michael H\u00e4user Registergericht: Amtsgericht Ulm HRB 726 732 Umsatzsteuer-Ident-Nummer: ...","og_url":"https:\/\/hippotechnology.net\/index.php\/impressum\/","og_site_name":"hippo technology GmbH","article_modified_time":"2022-03-01T21:00:51+00:00","twitter_card":"summary_large_image","twitter_misc":{"Gesch\u00e4tzte Lesezeit":"3\u00a0Minuten"},"schema":{"@context":"https:\/\/schema.org","@graph":[{"@type":"WebPage","@id":"https:\/\/hippotechnology.net\/index.php\/impressum\/","url":"https:\/\/hippotechnology.net\/index.php\/impressum\/","name":"Impressum - hippo technology GmbH","isPartOf":{"@id":"https:\/\/hippotechnology.net\/#website"},"datePublished":"2022-03-01T21:00:32+00:00","dateModified":"2022-03-01T21:00:51+00:00","breadcrumb":{"@id":"https:\/\/hippotechnology.net\/index.php\/impressum\/#breadcrumb"},"inLanguage":"de","potentialAction":[{"@type":"ReadAction","target":["https:\/\/hippotechnology.net\/index.php\/impressum\/"]}]},{"@type":"BreadcrumbList","@id":"https:\/\/hippotechnology.net\/index.php\/impressum\/#breadcrumb","itemListElement":[{"@type":"ListItem","position":1,"name":"Home","item":"https:\/\/hippotechnology.net\/"},{"@type":"ListItem","position":2,"name":"Impressum"}]},{"@type":"WebSite","@id":"https:\/\/hippotechnology.net\/#website","url":"https:\/\/hippotechnology.net\/","name":"hippo technology GmbH","description":"","publisher":{"@id":"https:\/\/hippotechnology.net\/#organization"},"potentialAction":[{"@type":"SearchAction","target":{"@type":"EntryPoint","urlTemplate":"https:\/\/hippotechnology.net\/?s={search_term_string}"},"query-input":{"@type":"PropertyValueSpecification","valueRequired":true,"valueName":"search_term_string"}}],"inLanguage":"de"},{"@type":"Organization","@id":"https:\/\/hippotechnology.net\/#organization","name":"hippo technology GmbH","url":"https:\/\/hippotechnology.net\/","logo":{"@type":"ImageObject","inLanguage":"de","@id":"https:\/\/hippotechnology.net\/#\/schema\/logo\/image\/","url":"https:\/\/hippotechnology.net\/wp-content\/uploads\/2020\/11\/cropped-hippodata_technology_02_RGB_BG_WHITE-1.png","contentUrl":"https:\/\/hippotechnology.net\/wp-content\/uploads\/2020\/11\/cropped-hippodata_technology_02_RGB_BG_WHITE-1.png","width":613,"height":230,"caption":"hippo technology GmbH"},"image":{"@id":"https:\/\/hippotechnology.net\/#\/schema\/logo\/image\/"}}]}},"_links":{"self":[{"href":"https:\/\/hippotechnology.net\/index.php\/wp-json\/wp\/v2\/pages\/72","targetHints":{"allow":["GET"]}}],"collection":[{"href":"https:\/\/hippotechnology.net\/index.php\/wp-json\/wp\/v2\/pages"}],"about":[{"href":"https:\/\/hippotechnology.net\/index.php\/wp-json\/wp\/v2\/types\/page"}],"author":[{"embeddable":true,"href":"https:\/\/hippotechnology.net\/index.php\/wp-json\/wp\/v2\/users\/1"}],"replies":[{"embeddable":true,"href":"https:\/\/hippotechnology.net\/index.php\/wp-json\/wp\/v2\/comments?post=72"}],"version-history":[{"count":2,"href":"https:\/\/hippotechnology.net\/index.php\/wp-json\/wp\/v2\/pages\/72\/revisions"}],"predecessor-version":[{"id":75,"href":"https:\/\/hippotechnology.net\/index.php\/wp-json\/wp\/v2\/pages\/72\/revisions\/75"}],"wp:attachment":[{"href":"https:\/\/hippotechnology.net\/index.php\/wp-json\/wp\/v2\/media?parent=72"}],"curies":[{"name":"wp","href":"https:\/\/api.w.org\/{rel}","templated":true}]}}